 of 1465242527?
1
What is the hundred thousands digit of 333932673?
9
What is the millions digit of 1064103603?
4
What is the thousands digit of 45281064?
1
What is the ten thousands digit of 23912311?
1
What is the hundred millions digit of 130477135?
1
What is the ten millions digit of 3008124248?
0
What is the hundred thousands digit of 2277596?
2
What is the ten thousands digit of 141465670?
6
What is the thousands digit of 118649702?
9
What is the units digit of 313829184?
4
What is the billions digit of 1606181122?
1
What is the thousands digit of 342053712?
3
What is the ten thousands digit of 370325148?
2
What is the tens digit of 4563474341?
4
What is the ten thousands digit of 156305029?
0
What is the hundred thousands digit of 1218652609?
6
What is the hundred thousands digit of 762726437?
7
What is the millions digit of 3181211044?
1
What is the millions digit of 487340597?
7
What is the ten millions digit of 80314652?
8
What is the hundreds digit of 724304101?
1
What is the hundreds digit of 36601531?
5
What is the hundred millions digit of 1453275167?
4
What is the ten millions digit of 33425140?
3
What is the hundred millions digit of 3539022653?
5
What is the hundreds digit of 621268558?
5
What is the thousands digit of 5274154544?
4
What is the ten thousands digit of 923389272?
8
What is the ten thousands digit of 1413248556?
4
What is the hundred millions digit of 212635953?
2
What is the tens digit of 384218654?
5
What is the tens digit of 65774338?
3
What is the millions digit of 1485131553?
5
What is the hundred thousands digit of 610392757?
3
What is the thousands digit of 8617569429?
9
What is the hundreds digit of 55091416?
4
What is the millions digit of 22060368?
2
What is the ten thousands digit of 4590100423?
0
What is the hundred thousands digit of 9257354?
2
What is the billions digit of 4279499202?
4
What is the hundred millions digit of 1784758324?
7
What is the units digit of 1538663381?
1
What is the ten thousands digit of 6696913516?
1
What is the hundred millions digit of 844254636?
8
What is the hundred millions digit of 179295665?
1
What is the thousands digit of 46840375?
0
What is the units digit of 410117109?
9
What is the millions digit of 197336222?
7
What is the thousands digit of 1625524621?
4
What is the ten millions digit of 54791684?
5
What is the units digit of 916801392?
2
What is the ten millions digit of 49009945?
4
What is the ten millions digit of 90856110?
9
What is the hundred thousands digit of 113095994?
0
What is the hundred thousands digit of 40587758?
5
What is the hundreds digit of 1133470721?
7
What is the ten thousands digit of 21112247?
1
What is the thousands digit of 380050065?
0
What is the units digit of 636771149?
9
What is the ten thousands digit of 210143536?
4
What is the hundred millions digit of 123106003?
1
What is the billions digit of 4696599362?
4
What is the ten thousands digit of 216322122?
2
What is the hundred millions digit of 1371938354?
3
What is the hundreds digit of 3098358297?
2
What is the hundreds digit of 102948195?
1
What is the hundreds digit of 86665637?
6
What is the ten millions digit of 30339664?
3
What is the ten millions digit of 788974828?
8
What is the millions digit of 131582357?
1
What is the thousands digit of 54189554?
9
What is the billions digit of 1829023146?
1
What is the hundreds digit of 331213625?
6
What is the hundreds digit of 472161526?
5
What is the tens digit of 4597365?
6
What is the units digit of 693262955?
5
What is the billions digit of 5937478111?
5
What is the thousands digit of 1378626422?
6
What is the billions digit of 1693990894?
1
What is the thousands digit of 311037547?
7
What is the hundred thousands digit of 823838096?
8
What is the units digit of 22281057?
7
What is the thousands digit of 20478980?
8
What is the thousands digit of 113610729?
0
What is the ten thousands digit of 1813149?
1
What is the millions digit of 725895731?
5
What is the millions digit of 1353617?
1
What is the hundreds digit of 435176023?
0
What is the thousands digit of 4121318?
1
What is the ten millions digit of 88185831?
8
What is the units digit of 171009234?
4
What is the hundred thousands digit of 276779413?
7
What is the millions digit of 1440881939?
0
What is the ten thousands digit of 22438583?
3
What is the hundred millions digit of 247725539?
2
What is the millions digit of 156077289?
6
What is the billions digit of 2534674949?
2
What is the hundreds digit of 3352700732?
7
What is the thousands digit of 52405636?
5
What is the millions digit of 388315195?
8
What is the hundred millions digit of 1100152598?
1
What is the hundred thousands digit of 316292874?
2
What is the hundreds digit of 317164226?
2
What is the units digit of 750850718?
8
What is the hundreds digit of 242129891?
8
What is the hundreds digit of 3017706833?
8
What is the ten millions digit of 5365604463?
6
What is the ten millions digit of 717282230?
1
What is the thousands digit of 1870992455?
2
What is the ten thousands digit of 154884880?
8
What is the units digit of 81981657?
7
What is the hundred thousands digit of 1393656135?
6
What is the hundreds digit of 24534013?
0
What is the ten millions digit of 410398708?
1
What is the hundred thousands digit of 490883073?
8
What is the ten millions digit of 170250019?
7
What is the units digit of 43185196?
6
What is the hundred thousands digit of 1471929621?
9
What is the thousands digit of 1003553858?
3
What is the hundreds digit of 1565773297?
2
What is the tens digit of 1643004740?
4
What is the tens digit of 3529243843?
4
What is the millions digit of 130141897?
0
What is the tens digit of 1259717013?
1
What is the ten millions digit of 89001025?
8
What is the millions digit of 3812037626?
2
What is the hundreds digit of 99737066?
0
What is the tens digit of 768149714?
1
What is the ten thousands digit of 28008875?
0
What is the hundred thousands digit of 1955683237?
6
What is the ten thousands digit of 6559370?
5
What is the billions digit of 1301533061?
1
What is the hundred thousands digit of 185586296?
5
What is the hundred thousands digit of 1385033702?
0
What is the hundred millions digit of 190301256?
1
What is the ten millions digit of 3010677789?
1
What is the ten millions digit of 72065188?
7
What is the hundred millions digit of 422494503?
4
What is the millions digit of 582210547?
2
What is the units digit of 1053669258?
8
What is the thousands digit of 203628725?
8
What is the tens digit of 5019697?
9
What is the millions digit of 121122739?
1
What is the billions digit of 1372913135?
1
What is the thousands digit of 139515346?
5
What is the hundred millions digit of 366558567?
3
What is the tens digit of 103649440?
4
What is the tens digit of 3704331631?
3
What is the units digit of 1451557427?
7
What is the millions digit of 55160303?
5
What is the millions digit of 192987167?
2
What is the units digit of 4320651760?
0
What is the tens digit of 44694563?
6
What is the ten thousands digit of 136098574?
9
What is the thousands digit of 35886235?
6
What is the billions digit of 5752818453?
5
What is the hundreds digit of 69609125?
1
What is the ten thousands digit of 3035843998?
4
What is the hundred millions digit of 1725716179?
7
What is the units digit of 76200260?
0
What is the hundred millions digit of 962910636?
9
What is the hundred thousands digit of 937054278?
0
What is the hundreds digit of 4555788153?
1
What is the hundreds digit of 278793506?
5
What is the hundred thousands digit of 329734?
3
What is the hundreds digit of 222883763?
7
What is the hundreds digit of 2027036189?
1
What is the hundred millions digit of 153566293?
1
What is the millions digit of 209302529?
9
What is the thousands digit of 17549488?
9
What is the tens digit of 935993279?
7
What is the millions digit of 7866206?
7
What is the millions digit of 49092787?
9
What is the thousands digit of 173453414?
3
What is the hundreds digit of 49989488?
4
What is the millions digit of 1276156231?
6
What is the ten thousands digit of 92059114?
5
What is the hundred millions digit of 240070694?
2
What is the hundreds digit of 142900847?
8
What is the hundreds digit of 102980932?
9
What is the hundreds digit of 293647915?